{"id":17,"date":"2015-10-22T22:51:45","date_gmt":"2015-10-22T21:51:45","guid":{"rendered":"http:\/\/consulatmontreal.itgrapes.com\/?page_id=17"},"modified":"2023-03-27T17:49:24","modified_gmt":"2023-03-27T16:49:24","slug":"contact","status":"publish","type":"page","link":"http:\/\/consulat-tunisie.ca\/index.php\/contact\/","title":{"rendered":"CONTACT"},"content":{"rendered":"<div class=\"vc_row wpb_row wf-container\" style=\"margin-top: 0px;margin-bottom: 0px\"><div class=\"wpb_column vc_column_container vc_col-sm-6\"><div class=\"wpb_wrapper\">\r\n\t<div class=\"wpb_text_column wpb_content_element \">\r\n\t\t<div class=\"wpb_wrapper\">\r\n\t\t\t<h3>Pour nous joindre<\/h3>\n<p><strong>Adresse<\/strong> : 1255 rue\u00a0Robert Bourassa &#8211; Bureau 702 &#8211; Montr\u00e9al Qc H3B 3B4.<\/p>\n<p><strong>T\u00e9l\u00e9phone\u00a0<\/strong>: (+1) 514-844-6909<\/p>\n<p><strong>Fax<\/strong>: (+1) 514-844-5895<\/p>\n<p><strong>E-mail<\/strong>: <a href=\"mailto:info@ctmontreal.ca\" target=\"_blank\">info@ctmontreal.ca<\/a><\/p>\n<p><span style=\"color: #0000ff;\"><strong>du Lundi au Vendredi de\u00a0<\/strong> <strong>9h00 \u00e0\u00a014h00<\/strong>.<\/span><\/p>\n<p><strong>Les jours f\u00e9ri\u00e9s\u00a0durant lesquels les bureaux du Consulat sont ferm\u00e9s : <\/strong><\/p>\n<p><span style=\"color: #000000;\">Le Nouvel an de l\u2019H\u00e9gire : un jour,<\/span><br \/>\nLe Mouled : un (1) jour\u00a0.<br \/>\n<span style=\"color: #000000;\">Aid El Fitr : trois (3) jours.\u00a0<\/span><br \/>\nAid El Idha : deux\u00a0(2)\u00a0jours.<br \/>\n<span style=\"color: #000000;\">Nouvel an\u00a0 : un (1) jour\u00a0.<\/span><br \/>\n<span style=\"color: #000000;\">F\u00eate de la R\u00e9volution et de la Jeunesse \/\u00a017\u00a0d\u00e9cembre: un (1) jour,<\/span><br \/>\n<span style=\"color: #000000;\">F\u00eate de l\u2019Ind\u00e9pendance \/ 20 Mars\u00a0 : un (1) jour,<\/span><br \/>\n<span style=\"color: #000000;\">Comm\u00e9moration des Martyrs \/ 9 Avril : un (1) jour .<\/span><\/p>\n<p><span style=\"color: #000000;\">F\u00eate du Travail \/ 1er Mai : un (1) jour.<\/span><\/p>\n<p><strong>F\u00eate de la R\u00e9publique\u00a0\/ 25 juillet : un (1) jour.<\/strong><br \/>\nF\u00eate de la Femme et de la Famille \/ 13 Ao\u00fbt : un (1) jour.<br \/>\nF\u00eate de l\u2019Evacuation \/ 15 octobre : un (1) jour.<\/p>\n<p><strong>Autres jours f\u00e9ri\u00e9s (Canada) :<\/strong><\/p>\n<p><span style=\"color: #ff0000;\"><span style=\"color: #000000;\">F\u00eate de Noel\u00a0 : un (1) jour.<\/span><\/span><\/p>\n<p><span style=\"color: #ff0000;\"><span style=\"color: #000000;\">F\u00eate nationale du Qu\u00e9bec\u00a0 : un (1) jour<\/span><\/span><\/p>\n<p><span style=\"color: #000000;\">F\u00eate nationale du Canada\u00a0 : un (1) jour\u00a0<\/span><\/p>\n\r\n\t\t<\/div>\r\n\t<\/div>\r\n<\/div><\/div><div class=\"wpb_column vc_column_container vc_col-sm-6\"><div class=\"wpb_wrapper\">\n<div class=\"wpcf7 no-js\" id=\"wpcf7-f25-o1\" lang=\"fr-FR\" dir=\"ltr\">\n<div class=\"screen-reader-response\"><p role=\"status\" aria-live=\"polite\" aria-atomic=\"true\"><\/p> <ul><\/ul><\/div>\n<form action=\"\/index.php\/wp-json\/wp\/v2\/pages\/17#wpcf7-f25-o1\" method=\"post\" class=\"wpcf7-form init\" aria-label=\"Formulaire de contact\" novalidate=\"novalidate\" data-status=\"init\">\n<div style=\"display: none;\">\n<input type=\"hidden\" name=\"_wpcf7\" value=\"25\" \/>\n<input type=\"hidden\" name=\"_wpcf7_version\" value=\"5.7.7\" \/>\n<input type=\"hidden\" name=\"_wpcf7_locale\" value=\"fr_FR\" \/>\n<input type=\"hidden\" name=\"_wpcf7_unit_tag\" value=\"wpcf7-f25-o1\" \/>\n<input type=\"hidden\" name=\"_wpcf7_container_post\" value=\"0\" \/>\n<input type=\"hidden\" name=\"_wpcf7_posted_data_hash\" value=\"\" \/>\n<\/div>\n<h3>Pour nous contacter\n<\/h3>\n<p>Votre nom (obligatoire)\n<\/p>\n<p><span class=\"wpcf7-form-control-wrap\" data-name=\"your-name\"><input size=\"40\" class=\"wpcf7-form-control wpcf7-text wpcf7-validates-as-required\" aria-required=\"true\" aria-invalid=\"false\" value=\"\" type=\"text\" name=\"your-name\" \/><\/span>\n<\/p>\n<p>Votre email (obligatoire)\n<\/p>\n<p><span class=\"wpcf7-form-control-wrap\" data-name=\"your-email\"><input size=\"40\" class=\"wpcf7-form-control wpcf7-text wpcf7-email wpcf7-validates-as-required wpcf7-validates-as-email\" aria-required=\"true\" aria-invalid=\"false\" value=\"\" type=\"email\" name=\"your-email\" \/><\/span>\n<\/p>\n<p>Votre t\u00e9l\u00e9phone\n<\/p>\n<p><span class=\"wpcf7-form-control-wrap\" data-name=\"your-tel\"><input size=\"40\" class=\"wpcf7-form-control wpcf7-text\" aria-invalid=\"false\" value=\"\" type=\"text\" name=\"your-tel\" \/><\/span>\n<\/p>\n<p>Sujet\n<\/p>\n<p><span class=\"wpcf7-form-control-wrap\" data-name=\"your-subject\"><input size=\"40\" class=\"wpcf7-form-control wpcf7-text wpcf7-validates-as-required\" aria-required=\"true\" aria-invalid=\"false\" value=\"\" type=\"text\" name=\"your-subject\" \/><\/span>\n<\/p>\n<p>Votre message\n<\/p>\n<p><span class=\"wpcf7-form-control-wrap\" data-name=\"your-message\"><textarea cols=\"40\" rows=\"10\" class=\"wpcf7-form-control wpcf7-textarea\" aria-invalid=\"false\" name=\"your-message\"><\/textarea><\/span>\n<\/p>\n<p><input class=\"wpcf7-form-control has-spinner wpcf7-submit\" type=\"submit\" value=\"Envoyer\" \/>\n<\/p><div class=\"wpcf7-response-output\" aria-hidden=\"true\"><\/div>\n<\/form>\n<\/div>\n<\/div><\/div><\/div><div class=\"vc_row wpb_row wf-container\" style=\"margin-top: 0px;margin-bottom: 0px\"><div class=\"wpb_column vc_column_container vc_col-sm-12\"><div class=\"wpb_wrapper\"><div class=\"wpb_gmaps_widget wpb_content_element vc_map_responsive\">\n<h2 class=\"wpb_heading wpb_map_heading\">Pour nous visiter<\/h2>\t<div class=\"wpb_wrapper\">\n\t<div class=\"wpb_map_wraper\">\n\t\t<iframe src=\"https:\/\/www.google.com\/maps\/embed?pb=!1m14!1m8!1m3!1d11185.377362037689!2d-73.569291!3d45.5031465!3m2!1i1024!2i768!4f13.1!3m3!1m2!1s0x0%3A0xfafc0cebbecfdfd4!2sConsulat%20De%20Tunisie%20Espace!5e0!3m2!1sen!2sca!4v1674175868395!5m2!1sen!2sca\" width=\"600\" height=\"450\" style=\"border:0;\" allowfullscreen=\"\" loading=\"lazy\" referrerpolicy=\"no-referrer-when-downgrade\"><\/iframe>\t<\/div>\n\t<\/div>\n\t<\/div>\n<\/div><\/div><\/div>\n","protected":false},"excerpt":{"rendered":"Pour nous joindre Adresse : 1255 rue\u00a0Robert Bourassa - Bureau 702 - Montr\u00e9al Qc H3B 3B4. T\u00e9l\u00e9phone\u00a0: (+1) 514-844-6909 Fax: (+1) 514-844-5895 E-mail: info@ctmontreal.ca du Lundi au Vendredi de\u00a0 9h00 \u00e0\u00a014h00. Les jours f\u00e9ri\u00e9s\u00a0durant lesquels les bureaux du Consulat sont ferm\u00e9s : Le Nouvel an de l\u2019H\u00e9gire : un jour, Le Mouled : un (1)&hellip;","protected":false},"author":4,"featured_media":0,"parent":0,"menu_order":0,"comment_status":"closed","ping_status":"closed","template":"","meta":[],"_links":{"self":[{"href":"http:\/\/consulat-tunisie.ca\/index.php\/wp-json\/wp\/v2\/pages\/17"}],"collection":[{"href":"http:\/\/consulat-tunisie.ca\/index.php\/wp-json\/wp\/v2\/pages"}],"about":[{"href":"http:\/\/consulat-tunisie.ca\/index.php\/wp-json\/wp\/v2\/types\/page"}],"author":[{"embeddable":true,"href":"http:\/\/consulat-tunisie.ca\/index.php\/wp-json\/wp\/v2\/users\/4"}],"replies":[{"embeddable":true,"href":"http:\/\/consulat-tunisie.ca\/index.php\/wp-json\/wp\/v2\/comments?post=17"}],"version-history":[{"count":100,"href":"http:\/\/consulat-tunisie.ca\/index.php\/wp-json\/wp\/v2\/pages\/17\/revisions"}],"predecessor-version":[{"id":1069,"href":"http:\/\/consulat-tunisie.ca\/index.php\/wp-json\/wp\/v2\/pages\/17\/revisions\/1069"}],"wp:attachment":[{"href":"http:\/\/consulat-tunisie.ca\/index.php\/wp-json\/wp\/v2\/media?parent=17"}],"curies":[{"name":"wp","href":"https:\/\/api.w.org\/{rel}","templated":true}]}}