{"id":41,"date":"2015-10-25T19:56:03","date_gmt":"2015-10-25T18:56:03","guid":{"rendered":"http:\/\/consulatmontreal.itgrapes.com\/?page_id=41"},"modified":"2016-01-21T19:45:55","modified_gmt":"2016-01-21T18:45:55","slug":"extrait-de-deces","status":"publish","type":"page","link":"http:\/\/consulat-tunisie.ca\/index.php\/extrait-de-deces\/","title":{"rendered":"Extrait de d\u00e9c\u00e8s"},"content":{"rendered":"<div class=\"vc_row wpb_row wf-container\" style=\"margin-top: 0px;margin-bottom: 0px\"><div class=\"wpb_column vc_column_container vc_col-sm-12\"><div class=\"wpb_wrapper\">\r\n\t<div class=\"wpb_text_column wpb_content_element \">\r\n\t\t<div class=\"wpb_wrapper\">\r\n\t\t\t<h3><span style=\"color: #3366ff;\">Conditions<\/span><\/h3>\n<ul>\n<li>Le d\u00e9c\u00e8s doit \u00eatre transcrit sur les registres d\u2019\u00e9tat civil tenus par le Consulat.<\/li>\n<li>Pr\u00e9sentation d\u2019un livret de famille tunisien.<\/li>\n<li>Timbre fiscal (voir <a href=\"http:\/\/consulat-tunisie.ca\/index.php\/droit-de-chancellerie\/\" target=\"_blank\">droits de chancellerie<\/a>).<\/li>\n<\/ul>\n\r\n\t\t<\/div>\r\n\t<\/div>\r\n<\/div><\/div><\/div>\n","protected":false},"excerpt":{"rendered":"Conditions Le d\u00e9c\u00e8s doit \u00eatre transcrit sur les registres d\u2019\u00e9tat civil tenus par le Consulat. Pr\u00e9sentation d\u2019un livret de famille tunisien. Timbre fiscal (voir droits de chancellerie).","protected":false},"author":4,"featured_media":0,"parent":0,"menu_order":0,"comment_status":"closed","ping_status":"closed","template":"","meta":[],"_links":{"self":[{"href":"http:\/\/consulat-tunisie.ca\/index.php\/wp-json\/wp\/v2\/pages\/41"}],"collection":[{"href":"http:\/\/consulat-tunisie.ca\/index.php\/wp-json\/wp\/v2\/pages"}],"about":[{"href":"http:\/\/consulat-tunisie.ca\/index.php\/wp-json\/wp\/v2\/types\/page"}],"author":[{"embeddable":true,"href":"http:\/\/consulat-tunisie.ca\/index.php\/wp-json\/wp\/v2\/users\/4"}],"replies":[{"embeddable":true,"href":"http:\/\/consulat-tunisie.ca\/index.php\/wp-json\/wp\/v2\/comments?post=41"}],"version-history":[{"count":8,"href":"http:\/\/consulat-tunisie.ca\/index.php\/wp-json\/wp\/v2\/pages\/41\/revisions"}],"predecessor-version":[{"id":549,"href":"http:\/\/consulat-tunisie.ca\/index.php\/wp-json\/wp\/v2\/pages\/41\/revisions\/549"}],"wp:attachment":[{"href":"http:\/\/consulat-tunisie.ca\/index.php\/wp-json\/wp\/v2\/media?parent=41"}],"curies":[{"name":"wp","href":"https:\/\/api.w.org\/{rel}","templated":true}]}}