{"id":62,"date":"2015-10-25T21:00:56","date_gmt":"2015-10-25T20:00:56","guid":{"rendered":"http:\/\/consulatmontreal.itgrapes.com\/?page_id=62"},"modified":"2018-11-28T19:03:35","modified_gmt":"2018-11-28T18:03:35","slug":"immatriculation-consulaire","status":"publish","type":"page","link":"http:\/\/consulat-tunisie.ca\/index.php\/immatriculation-consulaire\/","title":{"rendered":"Immatriculation consulaire"},"content":{"rendered":"<div class=\"vc_row wpb_row wf-container\" style=\"margin-top: 0px;margin-bottom: 0px\"><div class=\"wpb_column vc_column_container vc_col-sm-12\"><div class=\"wpb_wrapper\">\r\n\t<div class=\"wpb_text_column wpb_content_element \">\r\n\t\t<div class=\"wpb_wrapper\">\r\n\t\t\t<h3><span style=\"color: #3366ff;\">Pi\u00e8ces \u00e0 fournir<\/span><\/h3>\n<ul>\n<li>\u00a0Remplir le <a href=\"http:\/\/consulat-tunisie.ca\/wp-content\/uploads\/2015\/11\/CC.pdf\">formulaire<\/a>\u00a0 (remplir obligatoirement le recto\/verso)<\/li>\n<li>\u00a0Deux photo d\u2019identit\u00e9 r\u00e9cente<\/li>\n<li>\u00a0Une attestation d\u2019emploi pour les travailleurs (r\u00e9cente de 3 mois)<\/li>\n<li>\u00a0Une attestation d\u2019inscription de la session en cours pour les \u00e9tudiants<\/li>\n<li>\u00a0Une photocopie de la carte de r\u00e9sidence permanente ou du Permis de S\u00e9jour ou de la Citoyennet\u00e9 Canadienne<\/li>\n<li>\u00a0Ancienne carte consulaire (si elle est disponible)<\/li>\n<li>\u00a0Photocopie de la page d\u2019identification du passeport (l\u00e0 o\u00f9 figure la\u00a0photo, nom, pr\u00e9nom, date de naissance, etc.)<\/li>\n<li>\u00a0Photocopie de la Carte d\u2019Identit\u00e9 Nationale (recto verso) ;<\/li>\n<li>Timbre fiscal (voir <a href=\"http:\/\/consulat-tunisie.ca\/index.php\/droit-de-chancellerie\/\" target=\"_blank\">droits de chancellerie<\/a>).<\/li>\n<\/ul>\n<p><strong>N.B :<\/strong> La demande peut \u00eatre envoy\u00e9e par\u00a0courrier avec un ch\u00e8que postal\u00a0\u00a0au nom du Consulat de Tunisie \u00e0 Montr\u00e9al\u00a0avec\u00a0une enveloppe timbr\u00e9e portant l\u2019adresse du demandeur.<\/p>\n\r\n\t\t<\/div>\r\n\t<\/div>\r\n<\/div><\/div><\/div>\n","protected":false},"excerpt":{"rendered":"Pi\u00e8ces \u00e0 fournir \u00a0Remplir le formulaire\u00a0 (remplir obligatoirement le recto\/verso) \u00a0Deux photo d\u2019identit\u00e9 r\u00e9cente \u00a0Une attestation d\u2019emploi pour les travailleurs (r\u00e9cente de 3 mois) \u00a0Une attestation d\u2019inscription de la session en cours pour les \u00e9tudiants \u00a0Une photocopie de la carte de r\u00e9sidence permanente ou du Permis de S\u00e9jour ou de la Citoyennet\u00e9 Canadienne \u00a0Ancienne carte&hellip;","protected":false},"author":4,"featured_media":388,"parent":0,"menu_order":0,"comment_status":"closed","ping_status":"closed","template":"","meta":[],"_links":{"self":[{"href":"http:\/\/consulat-tunisie.ca\/index.php\/wp-json\/wp\/v2\/pages\/62"}],"collection":[{"href":"http:\/\/consulat-tunisie.ca\/index.php\/wp-json\/wp\/v2\/pages"}],"about":[{"href":"http:\/\/consulat-tunisie.ca\/index.php\/wp-json\/wp\/v2\/types\/page"}],"author":[{"embeddable":true,"href":"http:\/\/consulat-tunisie.ca\/index.php\/wp-json\/wp\/v2\/users\/4"}],"replies":[{"embeddable":true,"href":"http:\/\/consulat-tunisie.ca\/index.php\/wp-json\/wp\/v2\/comments?post=62"}],"version-history":[{"count":11,"href":"http:\/\/consulat-tunisie.ca\/index.php\/wp-json\/wp\/v2\/pages\/62\/revisions"}],"predecessor-version":[{"id":812,"href":"http:\/\/consulat-tunisie.ca\/index.php\/wp-json\/wp\/v2\/pages\/62\/revisions\/812"}],"wp:featuredmedia":[{"embeddable":true,"href":"http:\/\/consulat-tunisie.ca\/index.php\/wp-json\/wp\/v2\/media\/388"}],"wp:attachment":[{"href":"http:\/\/consulat-tunisie.ca\/index.php\/wp-json\/wp\/v2\/media?parent=62"}],"curies":[{"name":"wp","href":"https:\/\/api.w.org\/{rel}","templated":true}]}}