{"id":97,"date":"2015-10-25T21:54:21","date_gmt":"2015-10-25T20:54:21","guid":{"rendered":"http:\/\/consulatmontreal.itgrapes.com\/?page_id=97"},"modified":"2015-11-23T18:57:01","modified_gmt":"2015-11-23T17:57:01","slug":"recherche-des-disparus-pour-linteret-des-familles","status":"publish","type":"page","link":"http:\/\/consulat-tunisie.ca\/index.php\/recherche-des-disparus-pour-linteret-des-familles\/","title":{"rendered":"Recherche des disparus pour l&rsquo;int\u00e9r\u00eat des familles"},"content":{"rendered":"<div class=\"vc_row wpb_row wf-container\" style=\"margin-top: 0px;margin-bottom: 0px\"><div class=\"wpb_column vc_column_container vc_col-sm-12\"><div class=\"wpb_wrapper\">\r\n\t<div class=\"wpb_text_column wpb_content_element \">\r\n\t\t<div class=\"wpb_wrapper\">\r\n\t\t\t<p>Le Consulat peut apporter son assistance aux familles dans la recherche de leurs proches\u00a0se trouvant dans le territoire tunisien ou canadien.<\/p>\n<h3><span style=\"color: #3366ff;\">Les pi\u00e8ces \u00e0 fournir :<\/span><\/h3>\n<ul>\n<li>Une demande \u00e9crite avec le maximum d\u2019informations sur la personne disparue.<\/li>\n<li>Tout document ou photo facilitant la recherche.<\/li>\n<\/ul>\n\r\n\t\t<\/div>\r\n\t<\/div>\r\n<\/div><\/div><\/div>\n","protected":false},"excerpt":{"rendered":"Le Consulat peut apporter son assistance aux familles dans la recherche de leurs proches\u00a0se trouvant dans le territoire tunisien ou canadien. Les pi\u00e8ces \u00e0 fournir : Une demande \u00e9crite avec le maximum d\u2019informations sur la personne disparue. Tout document ou photo facilitant la recherche.","protected":false},"author":4,"featured_media":0,"parent":0,"menu_order":0,"comment_status":"closed","ping_status":"closed","template":"","meta":[],"_links":{"self":[{"href":"http:\/\/consulat-tunisie.ca\/index.php\/wp-json\/wp\/v2\/pages\/97"}],"collection":[{"href":"http:\/\/consulat-tunisie.ca\/index.php\/wp-json\/wp\/v2\/pages"}],"about":[{"href":"http:\/\/consulat-tunisie.ca\/index.php\/wp-json\/wp\/v2\/types\/page"}],"author":[{"embeddable":true,"href":"http:\/\/consulat-tunisie.ca\/index.php\/wp-json\/wp\/v2\/users\/4"}],"replies":[{"embeddable":true,"href":"http:\/\/consulat-tunisie.ca\/index.php\/wp-json\/wp\/v2\/comments?post=97"}],"version-history":[{"count":5,"href":"http:\/\/consulat-tunisie.ca\/index.php\/wp-json\/wp\/v2\/pages\/97\/revisions"}],"predecessor-version":[{"id":508,"href":"http:\/\/consulat-tunisie.ca\/index.php\/wp-json\/wp\/v2\/pages\/97\/revisions\/508"}],"wp:attachment":[{"href":"http:\/\/consulat-tunisie.ca\/index.php\/wp-json\/wp\/v2\/media?parent=97"}],"curies":[{"name":"wp","href":"https:\/\/api.w.org\/{rel}","templated":true}]}}